se -187 = -2*j + 3*f, 4*j - 12*f + 17*f = 539. What is the highest common factor of j and s?
29
Let n = -280 + 307. Let x be 2*-1 - (-475 + -13). What is the highest common factor of x and n?
27
Let w(f) = -f**2 - 32*f + 84. Let d(n) = -n**3 + 22*n**2 - 57*n - 28. Let r be d(19). Let o be w(r). What is the highest common divisor of 343 and o?
49
Let c = -4955 - -5453. What is the highest common factor of c and 166?
166
Suppose 164*t = 158*t + 54. What is the greatest common factor of t and 3231?
9
Let g be 9 - 2 - 0/(-13) - (-19 + 1). Calculate the greatest common factor of 7 and g.
1
Suppose -h + 15*s + 591 = 0, -2175 = 38*h - 42*h - 3*s. What is the greatest common divisor of h and 702?
78
Suppose 2*p - 3*l = -37, -2*p - 42 = -0*p + 2*l. Let b = 212 + p. Calculate the highest common factor of b and 8.
8
Let y be 20798 + (3 + 0 - (-9 + 20)). What is the greatest common divisor of 45 and y?
45
Let n = 4989 + -4717. Calculate the greatest common divisor of 176 and n.
16
Let z = 8823 + -8803. Suppose 5*w + 2*x - 37 = x, -w - 4*x - 4 = 0. Suppose h - 42 - w = 0. What is the highest common divisor of z and h?
10
Let w(j) = 116*j - 990. Let s be w(9). Calculate the greatest common factor of 6102 and s.
54
Let q be 27 - 15/(2 + -5). Suppose -7*j + q + 10 = 0. Let z be (-11)/(-2) - 1/(-2). What is the highest common factor of j and z?
6
Let z(u) = -2*u**3 + 39*u**2 - 44*u - 17. Let j be z(19). Let v = j - -762. What is the greatest common factor of 20 and v?
10
Suppose -116*i = -121*i + 55. Let a(s) = s**3 - 13*s**2 + 27*s - 26. Let o be a(i). Calculate the greatest common factor of 319 and o.
29
Suppose 16*v = 1141 + 171. Suppose 73*h + 18 = v*h. What is the greatest common divisor of h and 8?
2
Suppose 2*n - 316 + 306 = 0. Suppose -n*u + 4*x + 163 = 2*x, 3*x + 96 = 3*u. Calculate the greatest common factor of u and 143.
11
Let r be ((-12)/5)/(21/(-350)). Let z = 9637 - 9457. Calculate the highest common divisor of r and z.
20
Let d be (0 - 8*-1) + -3. Suppose -5*c - 6 = -2*c, 0 = 3*y + d*c - 395. Suppose -3*g - 6 = -51. Calculate the greatest common factor of y and g.
15
Let l be 1 + (9 - 7 - 6). Let a be (-4)/6*252*l/3. What is the highest common divisor of a and 24?
24
Suppose 110*l - 1708 = 96*l. What is the highest common factor of l and 42?
2
Suppose 2*m - 58 = 5*n, 0*m - m + 43 = n. Suppose 0 = -8*u + 161 + 255. Calculate the highest common divisor of u and m.
13
Let i(r) = r**2 - 5*r - 3. Let b be i(6). Let d = -3 - b. Let y(a) = 4*a**2 + 11*a + 12. Let g be y(d). Calculate the greatest common divisor of 45 and g.
45
Let n be 111/6 - (-2)/(-4). Suppose -o = -3*k + 34, 0*k = k - 4*o - 4. Suppose -k*y = 10*y - 396. What is the highest common divisor of y and n?
18
Suppose -2*w - 4*i = -164, 2*w + w - 5*i = 191. Suppose -w = -4*r - 32. Suppose r*t = 67 + 143. Calculate the highest common divisor of 7 and t.
7
Let r(l) = -2*l + 87. Let u(d) = 9*d - 436. Let j(t) = -11*r(t) - 2*u(t). Let b be j(25). What is the highest common factor of 160 and b?
5
Let d be (-30)/8 - 63/252. Suppose -4*z = w - 54, 2*w + 0*w - 48 = 4*z. Let p = d + w. What is the greatest common divisor of p and 90?
30
Let r = -375 + 546. Let o be -36*10/6*(-660)/150. Let f = o + -245. Calculate the highest common factor of f and r.
19
Let w be ((-14)/(-21))/((-7)/(-756)). What is the highest common factor of 768 and w?
24
Suppose -13 + 35 = 53*m - 31. Calculate the greatest common divisor of m and 482.
1
Let l = 106 - 101. Let u be (((-5)/2)/l - 108)*-2. Calculate the highest common factor of 7 and u.
7
Let k = 18314 - 18288. What is the highest common factor of k and 1937?
13
Suppose -64*u - 48*u + 85176 = -34*u. What is the highest common factor of u and 442?
26
Suppose 4*d + 43 = -5*c, 2*d - 17 = -4*c + 5*c. Let w be (-1 - -7)*c - 0. Let v = -50 - w. What is the greatest common divisor of 16 and v?
16
Let y(m) = -m**3 - 21*m**2 + 24*m + 23. Let h be y(-22). Let f be (h/35)/(4/(-780)). Calculate the highest common divisor of 78 and f.
39
Suppose -11*d - 1030 = -205. Let f be d/12*2*(-1924)/65. What is the greatest common factor of 10 and f?
10
Suppose 53*m = -40*m + 6696. Calculate the highest common divisor of m and 348.
12
Let y be 1362 + (10 - (-30)/6). What is the highest common divisor of y and 243?
81
Let b be 4*3/(-4)*(-226)/(-6). Let l = -133 - b. Let n be (-4336)/(-20) + 16/l. Calculate the highest common factor of 27 and n.
27
Let d(q) = 2*q**2 - 416*q - 3441. Let c be d(-8). What is the highest common factor of c and 1455?
15
Let x be 6/(-3)*2/(-3)*3. Suppose 0 = -2*b - x, -2*b - 104 = -4*f + 36. Calculate the greatest common divisor of 153 and f.
17
Let q be -4 - 9*(-14)/21. Let g be (22 - -7)/((-2)/(-2)). Suppose q*c = -a + g, -4 = -c - a - 3*a. Calculate the highest common divisor of 32 and c.
16
Let a be (9/15)/1 + 3168/220. Calculate the greatest common factor of a and 39.
3
Suppose -l + 38 = 2*b, -2*b + 92 = 3*b + 4*l. Let y be b/4 + 0 + 2 + -3. Let r be ((-25)/(-20))/(2 + (-7)/y). What is the greatest common factor of 25 and r?
5
Let f(b) = 10 - 5*b + 8 - 18. Let y be f(-1). Suppose j - 10 = y. Calculate the highest common divisor of j and 105.
15
Let q be 21 - 8878/(-23) - -6. Calculate the greatest common factor of q and 98.
7
Let k be (-428)/((1 + 0)/(66 - 67)). What is the highest common divisor of 8 and k?
4
Suppose -5*q + 378 = -y, 100*y = -q + 95*y + 60. Calculate the greatest common factor of 95 and q.
5
Suppose 3*z = 37 + 119. Suppose z = -a + 5*a. Suppose -x = -3*v + 194, 14*v = 12*v + 4*x + 126. Calculate the greatest common factor of a and v.
13
Let h(c) = -267*c - 780. Let o be h(-3). Calculate the highest common divisor of 658 and o.
7
Suppose 0 = -14*r + 9467 + 7627. Calculate the highest common divisor of r and 33.
33
Suppose 6*w - 1619 + 224 = -87*w. Calculate the highest common factor of w and 205.
5
Suppose 2*u + 396 = 6*u. Suppose -940*s + 951*s - 297 = 0. Calculate the highest common factor of s and u.
9
Let m(o) = o**2 + 4*o - 25. Suppose -5*y + 15 = -t, -8*y - 13 = t - 11*y. Let u be m(t). Calculate the greatest common factor of 5 and u.
5
Suppose -7072 = 65*j - 7267. Suppose t - 10 = -t. What is the highest common divisor of j and t?
1
Let t = -67 - -69. Let u be t/(-12)*-4 - (-233)/(-3). Let q be ((-12)/14)/(11/u). What is the highest common divisor of 18 and q?
6
Let j be 5/(-2)*(-12 - -26). Let l be 2 + 2 + -9 - j. What is the greatest common divisor of 330 and l?
30
Suppose 18 = -214*f + 220*f. Suppose -99 = -4*j + f*g, 5*j - 39 - 78 = -3*g. Calculate the highest common divisor of j and 18.
6
Suppose -57 = -19*y + 38. Suppose -y*m + 3*i - 7*i = -67, 2*m - 16 = 2*i. Calculate the greatest common divisor of m and 55.
11
Let u = -148 + 232. Suppose n + u = 3*g, 2*n + n - 28 = -g. Suppose 3*k - 65 = -2. Calculate the highest common divisor of k and g.
7
Suppose -408 = -5*f + 4*d, 5*d - 13 = 2. Suppose 2548*l - 2066*l - 53984 = 0. Calculate the highest common divisor of l and f.
28
Let a be (-175 - -75)*24/(-15). What is the greatest common factor of a and 9680?
80
Let j be (860/(-14))/(1/7). Let y = -346 - j. Calculate the greatest common factor of 36 and y.
12
Suppose -z + 3 = 2*q - 5*q, -3 = z - q. Let o be (-2 + z/(-4))*-52. Let d = -3 + 42. What is the highest common factor of d and o?
13
Let p(x) = x**2 - 3. Let w be p(4). Let a = 253 + -183. Suppose a = k - 8*v + 3*v, 0 = -v - 1. What is the highest common factor of w and k?
13
Let f(z) = 0*z**2 + 0*z + 7*z**2 + z. Let i be f(-3). Let p = 2902 - 2878. Calculate the highest common divisor of p and i.
12
Let v(c) = 227*c + 1607. Let i be v(-7). Calculate the highest common divisor of i and 34.
2
Let l(z) = z**3 + 3*z**2 - 6*z - 3. Let x(o) = o + 13. Let s be x(-17). Let t be l(s). Suppose -12 = t*v - 42. What is the highest common factor of v and 36?
6
Let r(m) = -2*m. Let h(p) = 2*p - 18. Let l(u) = h(u) + 10*r(u). Let y be l(-2). Suppose 0 = o + 2*o - 270. What is the highest common divisor of y and o?
18
Let u be -3 + 94/24 + (-11)/(-132). Calculate the highest common divisor of 101 and u.
1
Suppose 3*h = 4*h + 3*v + 30, -3*v + 9 = 0. Let s = -39 - h. Suppose 3*q - 93 - 114 = 5*x, 3*x + 9 = s. What is the greatest common divisor of 8 and q?
8
Let b be 18189/18 + 4/8. Suppose